et f be 3 + 2*a/(-4). Suppose i = -f*n - 2*n + 28, -2*n - i = -14. What is the units digit of n?
7
Let p = -2 + 37. What is the units digit of p?
5
Suppose 0 = -5*b - 3*i + 18 + 218, i - 95 = -2*b. What is the units digit of b?
9
Let z = 7 - 5. Suppose -2*m = z*m - 168. Suppose -2*t = t - m. What is the tens digit of t?
1
Let g(v) be the first derivative of 5*v**2/2 + v + 2. Let b be 4 - (0 + 1) - 2. What is the units digit of g(b)?
6
Suppose d = 3*d - 90. What is the tens digit of d?
4
Let i be (0/(-4))/((-1)/(-1)). Suppose 4*t + i*u - 79 = -u, 5*u + 85 = 4*t. What is the units digit of t?
0
Suppose 3*c - 2*c = -2. What is the tens digit of 128/7 - c/(-7)?
1
Let h = 65 - 31. What is the units digit of h?
4
Let j = -11 + 26. What is the units digit of j?
5
Suppose -t + 43 = -x + 4*x, 0 = 4*t - 16. Suppose -v = -2*v + x. Suppose v = -0*a + a. What is the units digit of a?
3
Let d = -1 + -4. Let p(j) = -5 - j + 3*j + j + j**2. What is the units digit of p(d)?
5
Let p = 3 - -1. Suppose 2*m = -m + 2*n + 9, -5*m = -p*n - 15. Suppose -m*l + l = -4. What is the units digit of l?
2
Let o(s) = s - 7. Let l be o(7). Suppose -5*k + 3*r = -l*r - 14, -3*r - 6 = -3*k. What is the units digit of k?
4
Let w(m) = -m - 5. Let l be w(0). Let d(i) = -i**2 - 6*i - 3. Let p be d(l). Suppose -g + p*a + 7 = -3*a, 5*g - a - 59 = 0. What is the units digit of g?
2
Suppose -130 = -4*o - q - q, 130 = 5*o - 4*q. What is the tens digit of o?
3
Suppose 5*a = -2*r - 2, -r + 2*a = -0*a - 8. Let k = r + 0. Suppose -20 = -4*p + k*u, -5*p + 3*p + u + 8 = 0. What is the units digit of p?
3
Let a(v) = v + 1. Let g(n) = n**2 + 5*n - 6. Let i(f) = -3*a(f) - g(f). Let d be 2/(-4) - 30/4. What is the units digit of i(d)?
3
Suppose 5*f = 8*p - 3*p - 620, -3*p - 3*f = -402. What is the tens digit of p?
2
Let h(l) = 2*l**3 - 9*l**2 + 16*l - 9. Let n(m) = m**3 - 4*m**2 + 8*m - 4. Let d(i) = 3*h(i) - 5*n(i). What is the units digit of d(6)?
5
Suppose 3*f = -3*p, 4*p - 5*p + 2*f - 12 = 0. What is the tens digit of (2 - -34)*(-3 - p)?
3
Suppose 6*b - 146 - 70 = 0. What is the tens digit of b?
3
Let k be ((-1)/2)/((-1)/12). Let v be k/(3/(-1)) + 18. Suppose -3*s + v = -5. What is the units digit of s?
7
Suppose 3*z = -2*z - 35. Let y = 4 + z. What is the units digit of -2*(y/(-6) - 2)?
3
Let n(j) be the first derivative of -j**4/4 - 7*j**3/3 - 3*j**2/2 + j - 3. Let d be n(-3). Let p = -15 - d. What is the units digit of p?
1
Let v = 2 - 0. Suppose 3*q + v*z = 49, -2*z = -q - 4*z + 15. What is the tens digit of q?
1
Let q(z) be the second derivative of z**3/2 - 5*z**2/2 + z. Let j be (-2 - -9) + (-8 - -5). What is the units digit of q(j)?
7
Let j(h) = -h - 6. What is the units digit of j(-9)?
3
Let w = 62 - -44. What is the tens digit of w?
0
Let f = -36 - -52. What is the units digit of f?
6
Let i = 48 - 25. What is the tens digit of i?
2
Let o(m) = m**2 + 7*m - 3. What is the units digit of o(-9)?
5
Let t = -14 - -8. What is the units digit of 4/t*(-690)/20?
3
Let t = -17 - -20. Suppose -k + 6*k - 136 = r, -t*r = -4*k + 111. What is the tens digit of k?
2
Suppose -o - 2*d + 3*d = -37, -o + 12 = 4*d. What is the tens digit of o?
3
Let k(z) = 3*z**3 - 2*z**2 - 2. What is the tens digit of k(2)?
1
Let a = 228 + -126. What is the tens digit of a?
0
Let s(t) = -t**2 + 6*t + 5. Let o be ((-30)/(-25))/(1/5). What is the units digit of s(o)?
5
Let f = 59 - 40. Suppose 3*j = 4*d + f - 45, -21 = -3*d + 3*j. Suppose k = 2*t + 2, d*k - 10 = 4*t - 2*t. What is the units digit of k?
2
Suppose -5*j - 3*w + 619 = -791, -4*w = 2*j - 578. What is the tens digit of j?
7
Let s(u) = -u**2 + 12*u - 3. What is the tens digit of s(10)?
1
Let o(l) = -l**2 - 9*l - 11. What is the units digit of o(-5)?
9
Let q = 5 - 3. Suppose -h = 3*u - 9, -5*h + q*h - 3*u + 9 = 0. Let d = 4 + h. What is the units digit of d?
4
Let l be (1 - -1)*(-3)/(-6). Suppose -l - 2 = -3*g. Suppose 0 = -f + i + 1 + g, 25 = 2*f + 5*i. What is the units digit of f?
5
Let m = 105 + -72. What is the units digit of m?
3
Suppose -2*o + 6 = -0. Suppose -p + o = 2*b - 0*b, 0 = -b - 4. What is the units digit of p?
1
Let l = -16 + 27. Let k = 22 - l. What is the tens digit of k?
1
Let y(l) = 4*l + 6. Let r(a) = -5*a - 7. Let n(x) = 5*r(x) + 6*y(x). What is the units digit of n(-1)?
2
Let g = 4 - 4. Let s be (-2)/2*(g - -6). Let p(c) = -c**2 - 10*c - 9. What is the units digit of p(s)?
5
Suppose -5 - 11 = -4*z, -132 = -4*j - z. What is the units digit of j?
2
Suppose 0 = -5*t - 4*f + 128, 0 = -2*t + 5*f + 40 - 2. Suppose 5*a - t = 3*a. What is the tens digit of a?
1
Suppose 0 = -9*c + 5*c + 200. What is the units digit of c?
0
Suppose 0 = c - 13 - 2. What is the tens digit of c?
1
Suppose l = 3*a - 147, 3*l + 23 - 121 = -2*a. What is the units digit of a?
9
Suppose -4*c + 20 = 0, 4*q - 57 = -4*c + 19. Suppose -2*m = 5*u - q, -5*m + 23 = 2*u - 12. What is the units digit of m?
7
Let m = -11 + 15. Let v be (m/(-6))/((-12)/54). Suppose -3*h - v*p + 40 = 10, -2*p + 32 = 4*h. What is the units digit of h?
6
Let m = 1 + 3. Let t be 1 + -2 + m/2. Let k = t + 0. What is the units digit of k?
1
Let r = 58 - 96. What is the units digit of (0 - (r + -3))/1?
1
Let y(a) = a**2 - 4*a - 5. Let c be y(5). Suppose c = 3*d - 5*p - 6, d - 2 = p - 2*p. What is the tens digit of 54/4 - 1/d?
1
Let z be -20*(3/4)/1. Let c = 14 - 23. Let v = c - z. What is the units digit of v?
6
Let s = 9 - 5. Let t(r) = -6*r**3 - 4*r**2 + 6*r - 9. Let n(h) = -h**3 - h**2 + h - 2. Let b(d) = 11*n(d) - 2*t(d). What is the units digit of b(s)?
8
Let f(i) = 6*i**2 + 2*i + 1. What is the units digit of f(-3)?
9
Let y(m) = m**2 + 6*m + 12. Let u = -22 - -17. What is the units digit of y(u)?
7
Suppose s + 2*x = -50, 4*s = 4*x + 63 - 203. Let v = s - -73. What is the units digit of v?
3
Suppose 9 = -x - 87. What is the units digit of (x/(-30))/((-2)/(-5))?
8
Suppose 3*y + l = 2*l + 1203, 0 = -y + 4*l + 412. What is the hundreds digit of y?
4
Suppose 1 + 4 = r + 4*x, 3 = -2*r + 5*x. Let y(q) = 7*q**3 - 1. What is the units digit of y(r)?
6
Let q be 2 + -3*(-32)/12. Let l(s) = s**2 - 6*s + 9. What is the units digit of l(q)?
9
Let j = 16 + -11. Suppose 0 = w - 4*w - j*o + 70, -w + 22 = 3*o. What is the units digit of w?
5
Suppose 4*h - 19 = z, z - 2*h - 21 = -6*h. Suppose 0 = -3*x - 2*x. Let q = z - x. What is the units digit of q?
1
Suppose b = -2*b + 177. What is the tens digit of b?
5
Let c(t) = -t + 21. What is the units digit of c(6)?
5
Let c be (-180)/(-8) - (-1)/(-2). Suppose 23 = 5*q - c. What is the units digit of q?
9
Suppose 4*d = -4*l + 568, -4*l = -4*d - 352 - 184. What is the units digit of l?
8
Suppose l = 5*f - 80, -4*f + 6*f = 5*l + 308. What is the tens digit of (2/(-5))/(2/l)?
1
Suppose i - 2*i + 1 = 0, i - 34 = -p. What is the tens digit of p?
3
Suppose s - 12 = 1. Let l = -2 + s. Let r(g) = g**2 - 12*g + 15. What is the units digit of r(l)?
4
Let f = -3 + 13. Suppose 0 = 2*u - 2 - f. What is the units digit of u?
6
Let y(m) = -2*m**3 - 4*m**2 - 3*m - 2. Let c be y(-2). What is the units digit of c/(-6)*(-30)/4?
5
Suppose -3*q - 12 = -6*q. Let z = 13 - 8. Suppose q*g + 3*u = -0*u + 37, 0 = -3*g + z*u + 6. What is the units digit of g?
7
Suppose 6*f - 4*j - 108 = 2*f, -4*f - j + 128 = 0. Suppose -3*a + f = -2*a. What is the units digit of a?
1
Suppose 8 = -3*f - 43. Let m = f + 3. Let o = -9 - m. What is the units digit of o?
5
Suppose -4 + 2 = -t. Let p = 8 - t. Let o = 8 + p. What is the tens digit of o?
1
Suppose 6 = -0*f + f. Suppose 3*m = -4*i + 14, -2*m - i + 4 = -2. Let l = m + f. What is the units digit of l?
8
Suppose -4*p - 96 = -5*p. Let h = p - 44. What is the tens digit of h?
5
Let t be (-1 - (-2)/10)*5. Let w = t - -3. What is the units digit of 2 + (0 + -2 - w)?
1
Let w = -15 + 11. Let n be (w - 0)*(-9)/(-12). What is the units digit of 1/(3/n)*-2?
2
Let f(r) = -23*r + 9. What is the hundreds digit of f(-5)?
1
Let u(o) = -o - 5. Let s be u(-4). Let d = 4 + s. Suppose -4*k = -2*x + 20, -5*x + d*k + 2 = -10*x. What is the units digit of x?
2
Suppose -3*d - 3*c + 7 = 4, 3*d = -2*c + 5. Let t = 34 + d. What is the units digit of t?
7
Suppose -j + 14 = -2*a, -23 - 5 = 4*a - 5*j. Let g(t) = -t - 4. Let v be g(-3). What is the units digit of 13 + a - (-1 - v)?
6
Let p(y) 